)/(-7) + (-3648)/(-168). What is the greatest common divisor of i and u?
2
Let c = -618 + 645. Calculate the greatest common divisor of 63 and c.
9
Suppose -2*r - 3*c = -144, 223 = 5*r + 4*c - 144. Let t = 18 - 42. Let h = -9 - t. What is the greatest common factor of h and r?
15
Suppose 6*b - 24 = 3*b. Suppose 0 = -h + 2*x + 5, 5*x + 0 = 5. Suppose -h*m = -m - 48. Calculate the highest common factor of b and m.
8
Let a = 2 - 6. Let h(b) = -4*b + 1. Let j be h(a). Suppose j + 7 = 3*s. What is the greatest common divisor of s and 8?
8
Let r be 18 + (-110)/(-10) + -19. Let u be ((-6)/12)/((-2)/180). Calculate the highest common divisor of u and r.
5
Let l = 12176 - 8648. What is the greatest common divisor of 72 and l?
72
Let v(n) = 56*n**2 + 10*n - 28. Let o be v(2). Calculate the greatest common divisor of 81 and o.
27
Let t be -8*63/(-336)*(0 - -4). Suppose -4*l - 20 = 0, 2*i - l = -4*l + 1. Suppose z + z - i = 0. Calculate the highest common factor of z and t.
2
Suppose -10*b - 140 = 10*b. Let k(p) = -p**2 - 10*p - 5. Let g be k(b). Calculate the highest common factor of g and 176.
16
Let u be ((-1)/(-1))/(5/60). Let l = u + -11. Let i be (-5 - 0)*-1*12/30. What is the highest common factor of l and i?
1
Let a(s) = s**2 + 5*s - 5. Let j be a(-7). Suppose -3*z = 5*g + 49, 35 + 4 = -z + 4*g. Let i = z - -50. Calculate the highest common factor of i and j.
9
Suppose 4*s - 71 = -3*v - 2*v, 4*v = -s + 48. Suppose v = -9*w + 29. What is the greatest common divisor of 18 and w?
2
Suppose -19*n + 4*u = -21*n + 198, 0 = -5*n + 4*u + 467. What is the greatest common factor of 19 and n?
19
Let i = -1 + 7. Suppose 0 = -3*u - 87 - 6. Let r = -29 - u. Calculate the highest common divisor of r and i.
2
Suppose b + 0*b - 5*w - 104 = 0, -4*b + 4*w = -352. Let o = 91 - 43. Suppose -3*j = j - o. What is the highest common factor of j and b?
12
Let q = -44 - -4. Let l = -22 - q. Calculate the highest common factor of l and 9.
9
Suppose 34*u - 1408 = 12*u. Calculate the highest common divisor of u and 28.
4
Suppose 180*k = 172*k + 408. What is the greatest common factor of k and 85?
17
Let h(t) = -7*t - 365. Let x be h(-56). What is the greatest common divisor of x and 801?
9
Let h(y) = -y**3 + 48*y**2 - 25*y + 1202. Let w be h(48). Let o(c) = -c**3 + 5*c**2 + 7*c - 1. Let m be o(6). What is the greatest common divisor of m and w?
1
Let o(z) = -z**3 - 14*z**2 + 12*z - 9. Let m be o(-15). Let h = -92 - -122. Calculate the highest common divisor of m and h.
6
Suppose -10 = 10*x - 12*x. Suppose -25 - 10 = -x*v. What is the greatest common divisor of v and 21?
7
Let w = 961 + -949. What is the highest common factor of w and 6516?
12
Suppose u - 6*u + 5*p + 5 = 0, -10 = -u - 2*p. Suppose 4*b - u*o = -0*o + 40, 5*b - o - 70 = 0. What is the highest common factor of 3 and b?
3
Suppose k = 4*q - 3*k - 40, 0 = 3*q - k - 34. Let n = 84 + -26. Let b = 26 + n. What is the highest common divisor of q and b?
12
Suppose q + 3 = 15. Suppose -t = d - q, -4*t + 2*t = -d + 12. Calculate the greatest common factor of 60 and d.
12
Let m = -69 - -71. Let h(k) = k**2 - k + 4. Let i be h(4). Suppose -i = -2*r - 0*r - m*o, 2*r = 2*o. Calculate the greatest common factor of r and 1.
1
Let n be (-215)/(-4) + (-2)/(-7) + 702/728. Let d be (11/2)/((-2)/(-8)). Calculate the greatest common divisor of n and d.
11
Suppose 2*s - 12 = -0*s. Let p(b) = -2*b**3 + 7*b**2 + 4. Let d be p(s). Let w = d - -302. What is the greatest common factor of w and 18?
18
Suppose -26 = 15*s - 17*s. Let r = s + 11. What is the greatest common factor of 8 and r?
8
Let b = -11 + 16. Suppose k + 0*k - 4 = b*u, 28 = 2*k - 5*u. Let m = -12 + k. What is the greatest common factor of 12 and m?
12
Suppose 4*o = 4*m + 5*o + 487, -m + 4*o = 143. Let u be (m/9)/(-1 + 10/15). What is the greatest common divisor of u and 205?
41
Let d = 1327 + -1142. Calculate the highest common divisor of d and 5.
5
Let g(l) = -4*l + 95. Let q be g(-6). What is the greatest common factor of q and 17?
17
Suppose -2*u + 40 = s + 5, 4*s = 5*u - 107. Suppose -u*j = -22*j + 492. Let a = j - 74. What is the greatest common divisor of a and 9?
9
Let b be 1/5 - (-14)/5. Suppose -i - 2 = 0, -b*t + t - 4*i = -52. Suppose -t = -3*c - 0*c. What is the greatest common factor of 5 and c?
5
Let z = 50 - 32. Suppose 0 = 3*u + u. Let c be u + 27/6*2. What is the highest common divisor of c and z?
9
Let z be (-6)/(-5)*((-14)/4 + 6). What is the highest common divisor of 39 and z?
3
Let n(x) = -2*x + 2. Let j be n(-4). Suppose 4*f + 0*f - 13 = o, -f + j = 2*o. Suppose -18 + 2 = -4*l. What is the highest common factor of f and l?
4
Let n = -80 + 84. Suppose x - 2*m = 86, -5 = -n*x - 2*m + 359. Calculate the greatest common divisor of 20 and x.
10
Suppose -3*m + 368 = 116. Suppose 4*n - 5*c = 93, -2*c - 73 = -4*n - c. Suppose -4*u + 241 - n = 0. What is the greatest common divisor of m and u?
28
Let t be ((-52*5)/5)/(-2). What is the highest common divisor of 221 and t?
13
Let q = -4 - -24. Let y = q - -16. Calculate the highest common factor of y and 4.
4
Suppose 6*z = 2*z - 4*r + 8, 3*z + r = 8. Let n = -28 - -55. Calculate the highest common divisor of n and z.
3
Let s(q) = -16*q**3 + q**2 + 2*q. Let j be s(-1). Suppose -j*k + 22 = -1928. Calculate the highest common factor of 26 and k.
26
Let n = 5 - -23. Suppose 0 = -5*t + 5*m + 55, 3*t + 4*m = n + 26. Calculate the greatest common factor of 98 and t.
14
Let k(o) = -o**2 + 25*o - 54. Let d be k(15). What is the highest common divisor of 96 and d?
96
Let d = 48 + -14. Suppose -64 - 38 = -p. Calculate the greatest common factor of p and d.
34
Let d be 1/(-4) - 2783/(-44)*1. Calculate the highest common factor of 144 and d.
9
Let m be 4/(-12) - 43/(-3). Let k be (0/(3 - -1))/2. Suppose k = -r - 2*o + 4*o + 7, 4*r + o = 28. What is the greatest common factor of r and m?
7
Let r(t) be the first derivative of t**4/4 + t**3/3 - t**2/2 - 3*t - 5. Let c be r(3). Let g be 2 + -2 - 2*-3. What is the highest common divisor of g and c?
6
Let t be 1 + -3 + 3 + 0. Let l(h) = 20*h - 12. Let k be l(1). Calculate the highest common factor of t and k.
1
Let u(h) = -5*h - 20. Let m(b) = 9*b + 41. Let t(x) = 3*m(x) + 5*u(x). Let i be t(-10). Suppose 9 + 30 = i*o. What is the greatest common factor of 52 and o?
13
Suppose -t + 474 = -4*d, -3*t - 11*d + 1371 = -6*d. What is the highest common divisor of 42 and t?
42
Suppose 62*n - 58*n - 24 = 0. Let s be -2*2*3/3. Let y = n - s. What is the greatest common factor of 110 and y?
10
Suppose -2*h - 7 = -3*z, -4*h + z - 1 - 8 = 0. Let t be (h - -4) + 2 - (8 - 25). What is the greatest common factor of 28 and t?
7
Suppose 0 = 56*i - 48*i - 48. What is the highest common divisor of i and 33?
3
Let c(s) = s + 3. Suppose -3*m + 20 = -8*m. Let k be c(m). Let v be -60*(k - 1)*1. Calculate the highest common factor of 12 and v.
12
Suppose -2*j + 13 = 3*n - j, 4*n - j - 15 = 0. Suppose -12 = -2*f - 5*d, 4*d = n*f - 21 - 3. What is the highest common divisor of 66 and f?
6
Suppose l + 17 = 15, l - 113 = -j. Calculate the greatest common factor of j and 5.
5
Let s(o) = -4*o**2 - 20*o + 2. Let g be s(-5). Calculate the greatest common divisor of g and 5.
1
Let b be (-40)/(-10) - (2 + 1 + -98). What is the highest common factor of b and 165?
33
Let o be (-2)/(-12) + 11565/(-54). Let m = -34 - o. Calculate the greatest common factor of 20 and m.
20
Let p = -22 - -10. Let q = -18 - p. Let o be 23/3 + (-2)/q. Calculate the greatest common divisor of 20 and o.
4
Let d = 1822 + -1694. Calculate the highest common divisor of d and 4.
4
Suppose -2*f - 186 = -7*c + 4*c, 0 = 4*c - 4*f - 244. Suppose 0 = 5*l - 4*i - 56, -2*i - 48 = -6*l + l. Calculate the greatest common factor of c and l.
8
Let l = -1212 - -1316. Calculate the highest common factor of l and 650.
26
Let k = 2 - -1. Let c = -130 + 235. Suppose 4*m - k*z - 145 = 0, 2*m - z = -6*z + c. Calculate the highest common factor of 8 and m.
8
Let i(l) = 24*l**2 + 4*l + 3. Let x be i(-2). Let y(n) = 10*n + 3. Let t be -4 + (-25)/(-2 + -3). Let o be y(t). What is the greatest common factor of o and x?
13
Suppose 2*l + 8*l = 700. Let m = -2 + 2. Suppose -23 = -2*r - m*r - 3*t, -4*r + 4*t = -36. Calculate the highest common divisor of r and l.
10
Su